778.
2, 389
List the prime factors of 2444.
2, 13, 47
What are the prime factors of 47054?
2, 7, 3361
List the prime factors of 35814.
2, 3, 47, 127
List the prime factors of 23714.
2, 71, 167
What are the prime factors of 4818?
2, 3, 11, 73
List the prime factors of 98063.
7, 14009
List the prime factors of 18494.
2, 7, 1321
What are the prime factors of 3219?
3, 29, 37
What are the prime factors of 613?
613
List the prime factors of 72383.
72383
List the prime factors of 4208.
2, 263
List the prime factors of 5145.
3, 5, 7
List the prime factors of 12714.
2, 3, 13, 163
List the prime factors of 6189.
3, 2063
What are the prime factors of 13841?
13841
List the prime factors of 742.
2, 7, 53
What are the prime factors of 2308?
2, 577
What are the prime factors of 5304?
2, 3, 13, 17
List the prime factors of 26453.
7, 3779
List the prime factors of 1114.
2, 557
List the prime factors of 3520.
2, 5, 11
What are the prime factors of 16971?
3, 5657
What are the prime factors of 39641?
7, 809
List the prime factors of 1430.
2, 5, 11, 13
What are the prime factors of 316?
2, 79
List the prime factors of 19948.
2, 4987
List the prime factors of 2070.
2, 3, 5, 23
What are the prime factors of 4827?
3, 1609
What are the prime factors of 65722?
2, 17, 1933
List the prime factors of 16069.
16069
List the prime factors of 1055.
5, 211
What are the prime factors of 33992?
2, 7, 607
List the prime factors of 4034.
2, 2017
List the prime factors of 2233.
7, 11, 29
List the prime factors of 32804.
2, 59, 139
List the prime factors of 1074.
2, 3, 179
What are the prime factors of 10645?
5, 2129
List the prime factors of 380.
2, 5, 19
List the prime factors of 2885.
5, 577
List the prime factors of 1318.
2, 659
List the prime factors of 58987.
61, 967
What are the prime factors of 2888?
2, 19
What are the prime factors of 10319?
17, 607
What are the prime factors of 157038?
2, 3, 7, 3739
List the prime factors of 1707.
3, 569
What are the prime factors of 1389?
3, 463
List the prime factors of 212.
2, 53
What are the prime factors of 98411?
98411
What are the prime factors of 35356?
2, 8839
List the prime factors of 544.
2, 17
What are the prime factors of 31818?
2, 3, 5303
What are the prime factors of 8921?
11, 811
List the prime factors of 22638.
2, 3, 7, 11
List the prime factors of 2502.
2, 3, 139
What are the prime factors of 1235?
5, 13, 19
List the prime factors of 78958.
2, 11, 37, 97
What are the prime factors of 64186?
2, 67, 479
What are the prime factors of 5032?
2, 17, 37
List the prime factors of 23127.
3, 13, 593
What are the prime factors of 1101?
3, 367
What are the prime factors of 32370?
2, 3, 5, 13, 83
List the prime factors of 8790.
2, 3, 5, 293
List the prime factors of 12597.
3, 13, 17, 19
List the prime factors of 44724.
2, 3, 3727
List the prime factors of 1393.
7, 199
What are the prime factors of 58575?
3, 5, 11, 71
What are the prime factors of 2824?
2, 353
List the prime factors of 12692.
2, 19, 167
What are the prime factors of 8139?
3, 2713
List the prime factors of 14306.
2, 23, 311
List the prime factors of 5260.
2, 5, 263
List the prime factors of 294.
2, 3, 7
List the prime factors of 66.
2, 3, 11
List the prime factors of 10617.
3, 3539
List the prime factors of 6397.
6397
List the prime factors of 4028.
2, 19, 53
What are the prime factors of 66324?
2, 3, 5527
List the prime factors of 65609.
65609
What are the prime factors of 664?
2, 83
List the prime factors of 21738.
2, 3, 3623
What are the prime factors of 10616?
2, 1327
List the prime factors of 37574.
2, 18787
What are the prime factors of 697?
17, 41
What are the prime factors of 1432?
2, 179
What are the prime factors of 1456?
2, 7, 13
What are the prime factors of 48100?
2, 5, 13, 37
List the prime factors of 57138.
2, 3, 89, 107
List the prime factors of 1981.
7, 283
List the prime factors of 2910.
2, 3, 5, 97
List the prime factors of 5708.
2, 1427
List the prime factors of 777.
3, 7, 37
What are the prime factors of 5202?
2, 3, 17
What are the prime factors of 2031?
3, 677
What are the prime factors of 189895?
5, 163, 233
List the prime factors of 1269.
3, 47
List the prime factors of 31185.
3, 5, 7, 11
What are the prime factors of 2408?
2, 7, 43
What are the prime factors of 1808?
2, 113
List the prime factors of 92025.
3, 5, 409
List the prime factors of 43923.
3, 11
List the prime factors of 27121.
37, 733
What are the prime factors of 3097?
19, 163
What are the prime factors of 15157?
23, 659
What are the prime factors of 5031?
3, 13, 43
List the prime factors of 6180.
2, 3, 5, 103
List the prime factors of 10005.
3, 5, 23, 29
What are the prime factors of 42910?
2, 5, 7, 613
What are the prime factors of 5576?
2, 17, 41
List the prime factors of 3700.
2, 5, 37
List the prime factors of 151.
151
What are the prime factors of 4042?
2, 43, 47
List the prime factors of 12085.
5, 2417
What are the prime factors of 4707?
3, 523
What are the prime factors of 5524?
2, 1381
What are the prime factors of 22174?
2, 11087
What are the prime factors of 974?
2, 487
List the prime factors of 27203.
11, 2473
List the prime factors of 639.
3, 71
List the prime factors of 5210.
2, 5, 521
List the prime factors of 24224.
2, 757
List the prime factors of 49387.
13, 29, 131
What are the prime factors of 29446?
2, 14723
What are the prime factors of 144012?
2, 3, 11, 1091
What are the prime factors of 807?
3, 269
What are the prime factors of 2382?
2, 3, 397
What are the prime factors of 382?
2, 191
List the prime factors of 3901.
47, 83
What are the prime factors of 26990?
2, 5, 2699
List the prime factors of 1990.
2, 5, 199
List the prime factors of 3997.
7, 571
What are the prime factors of 38568?
2, 3, 1607
List the prime factors of 1866.
2, 3, 311
List the prime factors of 6886.
2, 11, 313
What are the prime factors of 3864?
2, 3, 7, 23
List the prime factors of 22676.
2, 5669
List the prime factors of 2098.
2, 1049
List the prime factors of 7323.
3, 2441
List the prime factors of 94353.
3, 7, 4493
What are the prime factors of 49923?
3, 43
List the prime factors of 1324.
2, 331
List the prime factors of 4751.
4751
List the prime factors of 518.
2, 7, 37
List the prime factors of 19095.
3, 5, 19, 67
List the prime factors of 21419.
21419
What are the prime factors of 6928?
2, 433
What are the prime factors of 7867?
7867
What are the prime factors of 4479?
3, 1493
List the prime factors of 71511.
3, 11, 197
List the prime factors of 21985.
5, 4397
List the prime factors of 6590.
2, 5, 659
What are the prime factors of 7034?
2, 3517
List the prime factors of 2047.
23, 89
List the prime factors of 113.
113
What are the prime factors of 15920?
2, 5, 199
What are the prime factors of 955?
5, 191
What are the prime factors of 4531?
23, 197
What are the prime factors of 75594?
2, 3, 43, 293
What are the prime factors of 728?
2, 7, 13
What are the prime factors of 14992?
2, 937
What are the prime factors of 60843?
3, 17, 1193
List the prime factors of 29962.
2, 71, 211
What are the prime factors of 22934?
2, 11467
List the prime factors of 1378.
2, 13, 53
List the prime factors of 20.
2, 5
List the prime factors of 80113.
11, 7283
What are the prime factors of 1529?
11, 139
What are the prime factors of 53511?
3, 17837
List the prime factors of 30408.
2, 3, 7, 181
List the prime factors of 42269.
43, 983
List the prime factors of 2244.
2, 3, 11, 17
What are the prime factors of 63749?
7, 1301
What are the prime factors of 782?
2, 17, 23
List the prime factors of 426.
2, 3, 71
What are the prime factors of 4573?
17, 269
What are the prime factors of 47784?
2, 3, 11, 181
What are the prime factors of 182?
2, 7, 13
What are the prime factors of 1047?
3, 349
List the prime factors of 76429.
23, 3323
What are the prime factors of 1575?
3, 5, 7
List the prime factors of 18002.
2, 9001
What are the prime factors of 4290?
2, 3, 5, 11, 13
What are the prime factors of 3378?
2, 3, 563
List the prime factors of 67858.
2, 7, 37, 131
List the prime factors of 2607.
3, 11, 79
What are the prime factors of 1228?
2, 307
What are the prime factors of 628?
2, 157
List the prime factors of 7196.
2, 7, 257
List the prime factors of 24461.
61, 401
List the prime factors of 302.
2, 151
What are t